t is the remainder when 358752 is divided by 1220?
72
Calculate the remainder when 1128642 is divided by 141.
78
Calculate the remainder when 10293358 is divided by 3712.
3694
Calculate the remainder when 8247518 is divided by 65.
58
What is the remainder when 258688 is divided by 987?
94
What is the remainder when 8508092 is divided by 4253996?
100
What is the remainder when 11323 is divided by 965?
708
Calculate the remainder when 8648846 is divided by 35.
31
Calculate the remainder when 2350421 is divided by 11872.
11637
Calculate the remainder when 13855771 is divided by 96.
91
What is the remainder when 67584201 is divided by 11264033?
3
Calculate the remainder when 274224 is divided by 26.
2
Calculate the remainder when 276314 is divided by 15346.
86
What is the remainder when 3476154 is divided by 1158711?
21
What is the remainder when 1510202 is divided by 184?
114
What is the remainder when 285066 is divided by 95008?
42
What is the remainder when 113790 is divided by 3094?
2406
What is the remainder when 493176 is divided by 17004?
60
Calculate the remainder when 51160316 is divided by 284.
272
Calculate the remainder when 11924 is divided by 1868.
716
What is the remainder when 1671973 is divided by 4019?
69
Calculate the remainder when 20066669 is divided by 713.
710
Calculate the remainder when 561906 is divided by 2689.
2594
What is the remainder when 39407 is divided by 1478?
979
Calculate the remainder when 1827070 is divided by 228382.
14
What is the remainder when 123479 is divided by 16?
7
Calculate the remainder when 330982327 is divided by 118.
115
What is the remainder when 322640 is divided by 5041?
16
What is the remainder when 3665975 is divided by 1083?
20
Calculate the remainder when 438217 is divided by 33678.
403
Calculate the remainder when 13687200 is divided by 2281184.
96
Calculate the remainder when 12130863 is divided by 1822.
1809
What is the remainder when 751378 is divided by 751369?
9
Calculate the remainder when 46710 is divided by 4235.
125
Calculate the remainder when 24632585 is divided by 101.
99
What is the remainder when 68765 is divided by 92?
41
Calculate the remainder when 781321 is divided by 5350.
221
What is the remainder when 2893393 is divided by 94?
73
What is the remainder when 1577191 is divided by 454?
449
Calculate the remainder when 730542 is divided by 91314.
30
Calculate the remainder when 270207 is divided by 38577.
168
What is the remainder when 10213006 is divided by 214?
70
Calculate the remainder when 555556 is divided by 586.
28
Calculate the remainder when 358232640 is divided by 3809.
3808
What is the remainder when 22411692 is divided by 895?
892
Calculate the remainder when 24263820 is divided by 12131901.
18
Calculate the remainder when 3753179 is divided by 24.
11
Calculate the remainder when 195902 is divided by 863.
1
What is the remainder when 1235333 is divided by 503?
468
What is the remainder when 108584470 is divided by 40?
30
What is the remainder when 378164 is divided by 950?
64
What is the remainder when 787654 is divided by 6251?
28
What is the remainder when 5403314 is divided by 2599?
2592
Calculate the remainder when 14673172 is divided by 669.
664
What is the remainder when 15019673 is divided by 30?
23
Calculate the remainder when 2227970 is divided by 329.
311
What is the remainder when 2073458939 is divided by 210?
209
What is the remainder when 235261 is divided by 21331?
620
Calculate the remainder when 151613 is divided by 276.
89
Calculate the remainder when 2002981 is divided by 2740.
41
Calculate the remainder when 80744 is divided by 2494.
936
Calculate the remainder when 35563 is divided by 498.
205
What is the remainder when 44311122 is divided by 25?
22
Calculate the remainder when 9147552 is divided by 531.
15
What is the remainder when 2709813 is divided by 665?
603
Calculate the remainder when 2302813 is divided by 22800.
13
What is the remainder when 58715812 is divided by 102?
22
What is the remainder when 46509857 is divided by 15503285?
2
Calculate the remainder when 540401 is divided by 2598.
17
What is the remainder when 1961952 is divided by 91?
83
What is the remainder when 23597 is divided by 11797?
3
Calculate the remainder when 21016886 is divided by 34.
24
Calculate the remainder when 6764 is divided by 6134.
630
What is the remainder when 16421718 is divided by 198?
192
What is the remainder when 33079697 is divided by 3221?
27
What is the remainder when 285725 is divided by 3324?
3185
What is the remainder when 3914316 is divided by 1130?
1126
What is the remainder when 25194295 is divided by 4?
3
Calculate the remainder when 1301169 is divided by 162644.
17
Calculate the remainder when 525367726 is divided by 16.
14
What is the remainder when 86240 is divided by 28712?
104
What is the remainder when 30112391 is divided by 50?
41
Calculate the remainder when 1716177 is divided by 1247.
305
Calculate the remainder when 7135500 is divided by 3567745.
10
What is the remainder when 170254301 is divided by 195?
191
Calculate the remainder when 6808108 is divided by 213.
202
What is the remainder when 31032 is divided by 15064?
904
Calculate the remainder when 1385999 is divided by 16.
15
Calculate the remainder when 12754363 is divided by 1098.
1093
What is the remainder when 12207010 is divided by 258?
256
Calculate the remainder when 23175661 is divided by 1597.
1594
What is the remainder when 1334117 is divided by 509?
28
Calculate the remainder when 1211762 is divided by 136.
2
Calculate the remainder when 23821419 is divided by 2380.
2379
What is the remainder when 2811487 is divided by 936854?
925
Calculate the remainder when 50096 is divided by 924.
200
Calculate the remainder when 995062 is divided by 265.
252
What is the remainder when 404169 is divided by 138?
105
What is the remainder when 91489024 is divided by 5774?
5768
What is the remainder when 442742 is divided by 5983?
0
What is the remainder when 64584246 is divided by 1776?
6
What is the remainder when 2923434 is divided by 162407?
108
What is the remainder when 377979993 is divided by 57?
54
What is the remainder when 54257315 is divided by 1951?
5
Calculate the remainder when 80366 is divided by 7864.
1726
What is the remainder when 56885619 is divided by 685368?
75
Calculate the remainder when 2856841 is divided by 116.
109
Calculate the remainder when 2222433 is divided by 4994.
103
What is the remainder when 845769256 is divided by 20?
16
Calculate the remainder when 65874 is divided by 791.
221
What is the remainder when 218036406 is divided by 1041?
1038
What is the remainder when 2265513 is divided by 2656?
2601
Calculate the remainder when 801798 is divided by 277.
160
Calculate the remainder when 940408 is divided by 211.
192
Calculate the remainder when 174845 is divided by 5027.
3927
Calculate the remainder when 58804698 is divided by 784.
778
Calculate the remainder when 56919 is divided by 707.
359
Calculate the remainder when 46046666 is divided by 194.
184
Calculate the remainder when 1226295 is divided by 589.
586
What is the remainder when 155930 is divided by 22264?
82
What is the remainder when 1003681 is divided by 4690?
21
What is the remainder when 759606 is divided by 151906?
76
What is the remainder when 4898887 is divided by 326591?
22
What is the remainder when 595456 is divided by 7939?
31
Calculate the remainder when 10089222 is divided by 254.
88
What is the remainder when 7128939 is divided by 33786?
93
Calculate the remainder when 14027 is divided by 367.
81
Calculate the remainder when 92019 is divided by 4137.
1005
What is the remainder when 71691 is divided by 5510?
61
Calculate the remainder when 63802 is divided by 12708.
262
What is the remainder when 62827038 is divided by 1795058?
8
What is the remainder when 14702652 is divided by 3616?
3612
What is the remainder when 501391 is divided by 434?
121
Calculate the remainder when 55712 is divided by 9269.
98
What is the remainder when 277875 is divided by 619?
563
What is the remainder when 2964132 is divided by 2222?
2206
Calculate the remainder when 12049 is divided by 524.
521
Calculate the remainder when 2482982 is divided by 310345.
222
Calculate the remainder when